{"id":237,"date":"2019-02-06T12:52:38","date_gmt":"2019-02-06T12:52:38","guid":{"rendered":"http:\/\/localhost\/johannessiebert\/?page_id=237"},"modified":"2026-03-18T16:05:14","modified_gmt":"2026-03-18T16:05:14","slug":"ausbildung-training","status":"publish","type":"page","link":"https:\/\/johannessiebert.com\/?page_id=237","title":{"rendered":"Ausbildung \/ Training"},"content":{"rendered":"\n<p>In den letzten 20 Jahren habe ich umfangreiche Lehrerfahrung in den Bereichen Entscheidungswissenschaften und Verhaltens\u00f6konomie aufgebaut. Mich motiviert besonders, Menschen und Organisationen dabei zu unterst\u00fctzen, bessere Entscheider:innen zu werden \u2013 denn die Qualit\u00e4t von Entscheidungen hat einen erheblichen Einfluss auf individuelle Lebensverl\u00e4ufe und organisationale Ergebnisse.<\/p>\n\n\n\n<p>Unsere Studien zeigen, dass gutes, proaktives Entscheiden systematisch trainiert werden kann. Teilnehmende meiner Lehrangebote sind nicht nur zufriedener mit ihren Entscheidungen, sondern berichten auch von einer h\u00f6heren Lebenszufriedenheit. Dabei spielt zunehmend auch die F\u00e4higkeit eine Rolle, Daten systematisch in fundierte Entscheidungen zu \u00fcberf\u00fchren. Eine zentrale Rolle spielt dabei das von mir mitentwickelte, webbasierte Entscheidungsunterst\u00fctzungstool <em>Entscheidungsnavi<\/em>, das sowohl in der Lehre als auch in der Forschung eingesetzt wird und es erm\u00f6glicht, komplexe Entscheidungen strukturiert zu modellieren und datenbasiert zu analysieren. Mein kostenloser MOOC \u201eProaktiv smarte Entscheidungen treffen\u201c geh\u00f6rt zu den bestbewerteten Angeboten auf der iMooX-Plattform.<\/p>\n\n\n\n<p>Ich biete Kurse, Workshops und Keynotes f\u00fcr eine breit gef\u00e4cherte Zielgruppe an \u2013 von Sch\u00fcler:innen sowie Bachelor-, Master- und Promotionsstudierenden \u00fcber Manager:innen, Berater:innen und Unternehmer:innen bis hin zu politischen Entscheidungstr\u00e4ger:innen und der interessierten \u00d6ffentlichkeit. Dabei ber\u00fccksichtige ich gezielt die unterschiedlichen Entscheidungsanforderungen und Kontexte der jeweiligen Zielgruppen, insbesondere im Supply Chain Management sowie in anderen datenintensiven Wertsch\u00f6pfungssystemen.<\/p>\n\n\n\n<p>Sch\u00fcler:innen stehen h\u00e4ufig vor einer ihrer ersten gro\u00dfen Lebensentscheidungen: Was mache ich nach der Schule? Obwohl sie zahlreiche Informationen zu m\u00f6glichen Alternativen erhalten, wird ihnen nur selten vermittelt, wie solche Entscheidungen systematisch getroffen werden k\u00f6nnen. Viele sind sich ihrer eigenen Ziele in diesem Prozess nicht bewusst. Meine Arbeit setzt genau hier an und zielt darauf ab, Entscheidungskompetenz fr\u00fchzeitig zu entwickeln (siehe auch KLUGentscheiden.org).<\/p>\n\n\n\n<p>In Organisationen und in der Beratung stehen andere Fragen im Vordergrund: Wie lassen sich typische Entscheidungsverzerrungen wie Overconfidence oder Anchoring reduzieren? Wie lassen sich einfache, pr\u00e4ferenzgerechte Entscheidungsmodelle entwickeln und in der Praxis anwenden? Und wie k\u00f6nnen Daten gezielt genutzt werden, um fundiertere und nachvollziehbare Entscheidungen zu treffen \u2013 etwa in komplexen Wertsch\u00f6pfungs- und Supply-Chain-Systemen?<\/p>\n\n\n\n<p>Hochwertige Lehre entsteht aus der engen Verbindung von Forschung, Praxiserfahrung und Didaktik. Ich verbinde internationale Sichtbarkeit der Forschung mit umfangreicher Anwendungserfahrung und kann so besonders wirkungsvolle Lehrformate, Trainings und Vortr\u00e4ge anbieten.<\/p>\n\n\n\n<hr class=\"wp-block-separator has-alpha-channel-opacity\"\/>\n\n\n\n<h2 class=\"wp-block-heading\"><strong>Zielgruppen<\/strong><\/h2>\n\n\n\n<p>Alle, die daran interessiert sind, bessere, proaktivere und datengetriebene Entscheidungen zu treffen.<\/p>\n\n\n\n<p><br><\/p>\n","protected":false},"excerpt":{"rendered":"<p>In den letzten 20 Jahren habe ich umfangreiche Lehrerfahrung in den Bereichen Entscheidungswissenschaften und Verhaltens\u00f6konomie aufgebaut. Mich motiviert besonders, Menschen und Organisationen dabei zu unterst\u00fctzen, bessere Entscheider:innen zu werden \u2013 denn die Qualit\u00e4t von Entscheidungen hat einen erheblichen Einfluss auf individuelle Lebensverl\u00e4ufe und organisationale Ergebnisse. Unsere Studien zeigen, dass gutes, proaktives Entscheiden systematisch trainiert werden [&hellip;]<\/p>\n","protected":false},"author":1,"featured_media":0,"parent":0,"menu_order":0,"comment_status":"closed","ping_status":"closed","template":"","meta":{"footnotes":""},"class_list":["post-237","page","type-page","status-publish","hentry"],"yoast_head":"<!-- This site is optimized with the Yoast SEO plugin v27.3 - https:\/\/yoast.com\/product\/yoast-seo-wordpress\/ -->\n<title>Ausbildung \/ Training - Johannes Siebert<\/title>\n<meta name=\"robots\" content=\"index, follow, max-snippet:-1, max-image-preview:large, max-video-preview:-1\" \/>\n<link rel=\"canonical\" href=\"https:\/\/johannessiebert.com\/?page_id=237\" \/>\n<meta property=\"og:locale\" content=\"en_US\" \/>\n<meta property=\"og:type\" content=\"article\" \/>\n<meta property=\"og:title\" content=\"Ausbildung \/ Training - Johannes Siebert\" \/>\n<meta property=\"og:description\" content=\"In den letzten 20 Jahren habe ich umfangreiche Lehrerfahrung in den Bereichen Entscheidungswissenschaften und Verhaltens\u00f6konomie aufgebaut. Mich motiviert besonders, Menschen und Organisationen dabei zu unterst\u00fctzen, bessere Entscheider:innen zu werden \u2013 denn die Qualit\u00e4t von Entscheidungen hat einen erheblichen Einfluss auf individuelle Lebensverl\u00e4ufe und organisationale Ergebnisse. Unsere Studien zeigen, dass gutes, proaktives Entscheiden systematisch trainiert werden [&hellip;]\" \/>\n<meta property=\"og:url\" content=\"https:\/\/johannessiebert.com\/?page_id=237\" \/>\n<meta property=\"og:site_name\" content=\"Johannes Siebert\" \/>\n<meta property=\"article:modified_time\" content=\"2026-03-18T16:05:14+00:00\" \/>\n<meta name=\"twitter:card\" content=\"summary_large_image\" \/>\n<meta name=\"twitter:label1\" content=\"Est. reading time\" \/>\n\t<meta name=\"twitter:data1\" content=\"2 minutes\" \/>\n<script type=\"application\/ld+json\" class=\"yoast-schema-graph\">{\"@context\":\"https:\\\/\\\/schema.org\",\"@graph\":[{\"@type\":\"WebPage\",\"@id\":\"https:\\\/\\\/johannessiebert.com\\\/?page_id=237\",\"url\":\"https:\\\/\\\/johannessiebert.com\\\/?page_id=237\",\"name\":\"Ausbildung \\\/ Training - Johannes Siebert\",\"isPartOf\":{\"@id\":\"https:\\\/\\\/johannessiebert.com\\\/#website\"},\"datePublished\":\"2019-02-06T12:52:38+00:00\",\"dateModified\":\"2026-03-18T16:05:14+00:00\",\"breadcrumb\":{\"@id\":\"https:\\\/\\\/johannessiebert.com\\\/?page_id=237#breadcrumb\"},\"inLanguage\":\"en-US\",\"potentialAction\":[{\"@type\":\"ReadAction\",\"target\":[\"https:\\\/\\\/johannessiebert.com\\\/?page_id=237\"]}]},{\"@type\":\"BreadcrumbList\",\"@id\":\"https:\\\/\\\/johannessiebert.com\\\/?page_id=237#breadcrumb\",\"itemListElement\":[{\"@type\":\"ListItem\",\"position\":1,\"name\":\"Home\",\"item\":\"https:\\\/\\\/johannessiebert.com\\\/\"},{\"@type\":\"ListItem\",\"position\":2,\"name\":\"Ausbildung \\\/ Training\"}]},{\"@type\":\"WebSite\",\"@id\":\"https:\\\/\\\/johannessiebert.com\\\/#website\",\"url\":\"https:\\\/\\\/johannessiebert.com\\\/\",\"name\":\"Johannes Siebert\",\"description\":\"\",\"publisher\":{\"@id\":\"https:\\\/\\\/johannessiebert.com\\\/#\\\/schema\\\/person\\\/88a0e8f3ff381564ff3156e66b6ef3bc\"},\"potentialAction\":[{\"@type\":\"SearchAction\",\"target\":{\"@type\":\"EntryPoint\",\"urlTemplate\":\"https:\\\/\\\/johannessiebert.com\\\/?s={search_term_string}\"},\"query-input\":{\"@type\":\"PropertyValueSpecification\",\"valueRequired\":true,\"valueName\":\"search_term_string\"}}],\"inLanguage\":\"en-US\"},{\"@type\":[\"Person\",\"Organization\"],\"@id\":\"https:\\\/\\\/johannessiebert.com\\\/#\\\/schema\\\/person\\\/88a0e8f3ff381564ff3156e66b6ef3bc\",\"name\":\"admin\",\"image\":{\"@type\":\"ImageObject\",\"inLanguage\":\"en-US\",\"@id\":\"https:\\\/\\\/johannessiebert.com\\\/wp-content\\\/uploads\\\/2021\\\/04\\\/168-Qualitaet-von-Entscheidungen-1.bmp\",\"url\":\"https:\\\/\\\/johannessiebert.com\\\/wp-content\\\/uploads\\\/2021\\\/04\\\/168-Qualitaet-von-Entscheidungen-1.bmp\",\"contentUrl\":\"https:\\\/\\\/johannessiebert.com\\\/wp-content\\\/uploads\\\/2021\\\/04\\\/168-Qualitaet-von-Entscheidungen-1.bmp\",\"width\":650,\"height\":738,\"caption\":\"admin\"},\"logo\":{\"@id\":\"https:\\\/\\\/johannessiebert.com\\\/wp-content\\\/uploads\\\/2021\\\/04\\\/168-Qualitaet-von-Entscheidungen-1.bmp\"}}]}<\/script>\n<!-- \/ Yoast SEO plugin. -->","yoast_head_json":{"title":"Ausbildung \/ Training - Johannes Siebert","robots":{"index":"index","follow":"follow","max-snippet":"max-snippet:-1","max-image-preview":"max-image-preview:large","max-video-preview":"max-video-preview:-1"},"canonical":"https:\/\/johannessiebert.com\/?page_id=237","og_locale":"en_US","og_type":"article","og_title":"Ausbildung \/ Training - Johannes Siebert","og_description":"In den letzten 20 Jahren habe ich umfangreiche Lehrerfahrung in den Bereichen Entscheidungswissenschaften und Verhaltens\u00f6konomie aufgebaut. Mich motiviert besonders, Menschen und Organisationen dabei zu unterst\u00fctzen, bessere Entscheider:innen zu werden \u2013 denn die Qualit\u00e4t von Entscheidungen hat einen erheblichen Einfluss auf individuelle Lebensverl\u00e4ufe und organisationale Ergebnisse. Unsere Studien zeigen, dass gutes, proaktives Entscheiden systematisch trainiert werden [&hellip;]","og_url":"https:\/\/johannessiebert.com\/?page_id=237","og_site_name":"Johannes Siebert","article_modified_time":"2026-03-18T16:05:14+00:00","twitter_card":"summary_large_image","twitter_misc":{"Est. reading time":"2 minutes"},"schema":{"@context":"https:\/\/schema.org","@graph":[{"@type":"WebPage","@id":"https:\/\/johannessiebert.com\/?page_id=237","url":"https:\/\/johannessiebert.com\/?page_id=237","name":"Ausbildung \/ Training - Johannes Siebert","isPartOf":{"@id":"https:\/\/johannessiebert.com\/#website"},"datePublished":"2019-02-06T12:52:38+00:00","dateModified":"2026-03-18T16:05:14+00:00","breadcrumb":{"@id":"https:\/\/johannessiebert.com\/?page_id=237#breadcrumb"},"inLanguage":"en-US","potentialAction":[{"@type":"ReadAction","target":["https:\/\/johannessiebert.com\/?page_id=237"]}]},{"@type":"BreadcrumbList","@id":"https:\/\/johannessiebert.com\/?page_id=237#breadcrumb","itemListElement":[{"@type":"ListItem","position":1,"name":"Home","item":"https:\/\/johannessiebert.com\/"},{"@type":"ListItem","position":2,"name":"Ausbildung \/ Training"}]},{"@type":"WebSite","@id":"https:\/\/johannessiebert.com\/#website","url":"https:\/\/johannessiebert.com\/","name":"Johannes Siebert","description":"","publisher":{"@id":"https:\/\/johannessiebert.com\/#\/schema\/person\/88a0e8f3ff381564ff3156e66b6ef3bc"},"potentialAction":[{"@type":"SearchAction","target":{"@type":"EntryPoint","urlTemplate":"https:\/\/johannessiebert.com\/?s={search_term_string}"},"query-input":{"@type":"PropertyValueSpecification","valueRequired":true,"valueName":"search_term_string"}}],"inLanguage":"en-US"},{"@type":["Person","Organization"],"@id":"https:\/\/johannessiebert.com\/#\/schema\/person\/88a0e8f3ff381564ff3156e66b6ef3bc","name":"admin","image":{"@type":"ImageObject","inLanguage":"en-US","@id":"https:\/\/johannessiebert.com\/wp-content\/uploads\/2021\/04\/168-Qualitaet-von-Entscheidungen-1.bmp","url":"https:\/\/johannessiebert.com\/wp-content\/uploads\/2021\/04\/168-Qualitaet-von-Entscheidungen-1.bmp","contentUrl":"https:\/\/johannessiebert.com\/wp-content\/uploads\/2021\/04\/168-Qualitaet-von-Entscheidungen-1.bmp","width":650,"height":738,"caption":"admin"},"logo":{"@id":"https:\/\/johannessiebert.com\/wp-content\/uploads\/2021\/04\/168-Qualitaet-von-Entscheidungen-1.bmp"}}]}},"_links":{"self":[{"href":"https:\/\/johannessiebert.com\/index.php?rest_route=\/wp\/v2\/pages\/237","targetHints":{"allow":["GET"]}}],"collection":[{"href":"https:\/\/johannessiebert.com\/index.php?rest_route=\/wp\/v2\/pages"}],"about":[{"href":"https:\/\/johannessiebert.com\/index.php?rest_route=\/wp\/v2\/types\/page"}],"author":[{"embeddable":true,"href":"https:\/\/johannessiebert.com\/index.php?rest_route=\/wp\/v2\/users\/1"}],"replies":[{"embeddable":true,"href":"https:\/\/johannessiebert.com\/index.php?rest_route=%2Fwp%2Fv2%2Fcomments&post=237"}],"version-history":[{"count":23,"href":"https:\/\/johannessiebert.com\/index.php?rest_route=\/wp\/v2\/pages\/237\/revisions"}],"predecessor-version":[{"id":2122,"href":"https:\/\/johannessiebert.com\/index.php?rest_route=\/wp\/v2\/pages\/237\/revisions\/2122"}],"wp:attachment":[{"href":"https:\/\/johannessiebert.com\/index.php?rest_route=%2Fwp%2Fv2%2Fmedia&parent=237"}],"curies":[{"name":"wp","href":"https:\/\/api.w.org\/{rel}","templated":true}]}}